{"id":965,"date":"2022-09-23T17:25:26","date_gmt":"2022-09-23T16:25:26","guid":{"rendered":"https:\/\/seedmusic.eu\/?post_type=album&#038;p=965"},"modified":"2022-10-04T08:56:52","modified_gmt":"2022-10-04T07:56:52","slug":"casals-sabate-ics-ics","status":"publish","type":"album","link":"https:\/\/seedmusic.eu\/en\/album\/casals-sabate-ics-ics\/","title":{"rendered":"CASALS SABAT\u00c9: ICS ICS"},"content":{"rendered":"\n<div class=\"wp-block-nextend-smartslider3\"><\/div>\n","protected":false},"featured_media":0,"template":"","categories":[25],"acf":[],"yoast_head":"<!-- This site is optimized with the Yoast SEO plugin v18.6 - https:\/\/yoast.com\/wordpress\/plugins\/seo\/ -->\n<title>CASALS SABAT\u00c9: ICS ICS - SEED<\/title>\n<meta name=\"description\" content=\"Fa vint anys que en Blai Casals i en Manu Sabat\u00e9 van coincidir a les Col\u00f2nies per a Joves Int\u00e8rprets Folk del Pirineu, a Ars\u00e8guel, i el darrer dia es van preguntar: &quot;Vols fer un grup amb mi?&quot;. Vint anys despr\u00e9s, tots dos m\u00fasics han decidit aprofitar aquesta efem\u00e8ride per fer una mica de retrospectiva del recorregut viscut fins ara. Primer sols, despr\u00e9s amb La Mata Negra (acompanyats d&#039;una base r\u00edtmica de baix, guitarra el\u00e8ctrica i bateria); m\u00e9s tard sols de nou, per\u00f2 amb el Blai sumant el bombo i el xarles (com feien els vells acordionistes del Pirineu) i, finalment, amb Morena, el trio de tradipatxanga que formen amb Heura Gaya i La gravetat de Coulomb, trio estable que formen amb el flabiolaire Pau Ben\u00edtez.\" \/>\n<meta name=\"robots\" content=\"index, follow, max-snippet:-1, max-image-preview:large, max-video-preview:-1\" \/>\n<link rel=\"canonical\" href=\"https:\/\/seedmusic.eu\/en\/album\/casals-sabate-ics-ics\/\" \/>\n<meta property=\"og:locale\" content=\"en_US\" \/>\n<meta property=\"og:type\" content=\"article\" \/>\n<meta property=\"og:title\" content=\"CASALS SABAT\u00c9: ICS ICS - SEED\" \/>\n<meta property=\"og:description\" content=\"Fa vint anys que en Blai Casals i en Manu Sabat\u00e9 van coincidir a les Col\u00f2nies per a Joves Int\u00e8rprets Folk del Pirineu, a Ars\u00e8guel, i el darrer dia es van preguntar: &quot;Vols fer un grup amb mi?&quot;. Vint anys despr\u00e9s, tots dos m\u00fasics han decidit aprofitar aquesta efem\u00e8ride per fer una mica de retrospectiva del recorregut viscut fins ara. Primer sols, despr\u00e9s amb La Mata Negra (acompanyats d&#039;una base r\u00edtmica de baix, guitarra el\u00e8ctrica i bateria); m\u00e9s tard sols de nou, per\u00f2 amb el Blai sumant el bombo i el xarles (com feien els vells acordionistes del Pirineu) i, finalment, amb Morena, el trio de tradipatxanga que formen amb Heura Gaya i La gravetat de Coulomb, trio estable que formen amb el flabiolaire Pau Ben\u00edtez.\" \/>\n<meta property=\"og:url\" content=\"https:\/\/seedmusic.eu\/en\/album\/casals-sabate-ics-ics\/\" \/>\n<meta property=\"og:site_name\" content=\"SEED\" \/>\n<meta property=\"article:modified_time\" content=\"2022-10-04T07:56:52+00:00\" \/>\n<meta name=\"twitter:card\" content=\"summary_large_image\" \/>\n<meta name=\"twitter:site\" content=\"@Seedmusic_eu\" \/>\n<meta name=\"twitter:label1\" content=\"Est. reading time\" \/>\n\t<meta name=\"twitter:data1\" content=\"1 minute\" \/>\n<script type=\"application\/ld+json\" class=\"yoast-schema-graph\">{\"@context\":\"https:\/\/schema.org\",\"@graph\":[{\"@type\":\"WebSite\",\"@id\":\"https:\/\/seedmusic.eu\/#website\",\"url\":\"https:\/\/seedmusic.eu\/\",\"name\":\"SEED\",\"description\":\"Raising Music\",\"potentialAction\":[{\"@type\":\"SearchAction\",\"target\":{\"@type\":\"EntryPoint\",\"urlTemplate\":\"https:\/\/seedmusic.eu\/?s={search_term_string}\"},\"query-input\":\"required name=search_term_string\"}],\"inLanguage\":\"en-US\"},{\"@type\":\"WebPage\",\"@id\":\"https:\/\/seedmusic.eu\/album\/casals-sabate-ics-ics\/#webpage\",\"url\":\"https:\/\/seedmusic.eu\/album\/casals-sabate-ics-ics\/\",\"name\":\"CASALS SABAT\u00c9: ICS ICS - SEED\",\"isPartOf\":{\"@id\":\"https:\/\/seedmusic.eu\/#website\"},\"datePublished\":\"2022-09-23T16:25:26+00:00\",\"dateModified\":\"2022-10-04T07:56:52+00:00\",\"description\":\"Fa vint anys que en Blai Casals i en Manu Sabat\u00e9 van coincidir a les Col\u00f2nies per a Joves Int\u00e8rprets Folk del Pirineu, a Ars\u00e8guel, i el darrer dia es van preguntar: \\\"Vols fer un grup amb mi?\\\". Vint anys despr\u00e9s, tots dos m\u00fasics han decidit aprofitar aquesta efem\u00e8ride per fer una mica de retrospectiva del recorregut viscut fins ara. Primer sols, despr\u00e9s amb La Mata Negra (acompanyats d'una base r\u00edtmica de baix, guitarra el\u00e8ctrica i bateria); m\u00e9s tard sols de nou, per\u00f2 amb el Blai sumant el bombo i el xarles (com feien els vells acordionistes del Pirineu) i, finalment, amb Morena, el trio de tradipatxanga que formen amb Heura Gaya i La gravetat de Coulomb, trio estable que formen amb el flabiolaire Pau Ben\u00edtez.\",\"breadcrumb\":{\"@id\":\"https:\/\/seedmusic.eu\/album\/casals-sabate-ics-ics\/#breadcrumb\"},\"inLanguage\":\"en-US\",\"potentialAction\":[{\"@type\":\"ReadAction\",\"target\":[\"https:\/\/seedmusic.eu\/album\/casals-sabate-ics-ics\/\"]}]},{\"@type\":\"BreadcrumbList\",\"@id\":\"https:\/\/seedmusic.eu\/album\/casals-sabate-ics-ics\/#breadcrumb\",\"itemListElement\":[{\"@type\":\"ListItem\",\"position\":1,\"name\":\"Home\",\"item\":\"https:\/\/seedmusic.eu\/\"},{\"@type\":\"ListItem\",\"position\":2,\"name\":\"CASALS SABAT\u00c9: ICS ICS\"}]}]}<\/script>\n<!-- \/ Yoast SEO plugin. -->","yoast_head_json":{"title":"CASALS SABAT\u00c9: ICS ICS - SEED","description":"Fa vint anys que en Blai Casals i en Manu Sabat\u00e9 van coincidir a les Col\u00f2nies per a Joves Int\u00e8rprets Folk del Pirineu, a Ars\u00e8guel, i el darrer dia es van preguntar: \"Vols fer un grup amb mi?\". Vint anys despr\u00e9s, tots dos m\u00fasics han decidit aprofitar aquesta efem\u00e8ride per fer una mica de retrospectiva del recorregut viscut fins ara. Primer sols, despr\u00e9s amb La Mata Negra (acompanyats d'una base r\u00edtmica de baix, guitarra el\u00e8ctrica i bateria); m\u00e9s tard sols de nou, per\u00f2 amb el Blai sumant el bombo i el xarles (com feien els vells acordionistes del Pirineu) i, finalment, amb Morena, el trio de tradipatxanga que formen amb Heura Gaya i La gravetat de Coulomb, trio estable que formen amb el flabiolaire Pau Ben\u00edtez.","robots":{"index":"index","follow":"follow","max-snippet":"max-snippet:-1","max-image-preview":"max-image-preview:large","max-video-preview":"max-video-preview:-1"},"canonical":"https:\/\/seedmusic.eu\/en\/album\/casals-sabate-ics-ics\/","og_locale":"en_US","og_type":"article","og_title":"CASALS SABAT\u00c9: ICS ICS - SEED","og_description":"Fa vint anys que en Blai Casals i en Manu Sabat\u00e9 van coincidir a les Col\u00f2nies per a Joves Int\u00e8rprets Folk del Pirineu, a Ars\u00e8guel, i el darrer dia es van preguntar: \"Vols fer un grup amb mi?\". Vint anys despr\u00e9s, tots dos m\u00fasics han decidit aprofitar aquesta efem\u00e8ride per fer una mica de retrospectiva del recorregut viscut fins ara. Primer sols, despr\u00e9s amb La Mata Negra (acompanyats d'una base r\u00edtmica de baix, guitarra el\u00e8ctrica i bateria); m\u00e9s tard sols de nou, per\u00f2 amb el Blai sumant el bombo i el xarles (com feien els vells acordionistes del Pirineu) i, finalment, amb Morena, el trio de tradipatxanga que formen amb Heura Gaya i La gravetat de Coulomb, trio estable que formen amb el flabiolaire Pau Ben\u00edtez.","og_url":"https:\/\/seedmusic.eu\/en\/album\/casals-sabate-ics-ics\/","og_site_name":"SEED","article_modified_time":"2022-10-04T07:56:52+00:00","twitter_card":"summary_large_image","twitter_site":"@Seedmusic_eu","twitter_misc":{"Est. reading time":"1 minute"},"schema":{"@context":"https:\/\/schema.org","@graph":[{"@type":"WebSite","@id":"https:\/\/seedmusic.eu\/#website","url":"https:\/\/seedmusic.eu\/","name":"SEED","description":"Raising Music","potentialAction":[{"@type":"SearchAction","target":{"@type":"EntryPoint","urlTemplate":"https:\/\/seedmusic.eu\/?s={search_term_string}"},"query-input":"required name=search_term_string"}],"inLanguage":"en-US"},{"@type":"WebPage","@id":"https:\/\/seedmusic.eu\/album\/casals-sabate-ics-ics\/#webpage","url":"https:\/\/seedmusic.eu\/album\/casals-sabate-ics-ics\/","name":"CASALS SABAT\u00c9: ICS ICS - SEED","isPartOf":{"@id":"https:\/\/seedmusic.eu\/#website"},"datePublished":"2022-09-23T16:25:26+00:00","dateModified":"2022-10-04T07:56:52+00:00","description":"Fa vint anys que en Blai Casals i en Manu Sabat\u00e9 van coincidir a les Col\u00f2nies per a Joves Int\u00e8rprets Folk del Pirineu, a Ars\u00e8guel, i el darrer dia es van preguntar: \"Vols fer un grup amb mi?\". Vint anys despr\u00e9s, tots dos m\u00fasics han decidit aprofitar aquesta efem\u00e8ride per fer una mica de retrospectiva del recorregut viscut fins ara. Primer sols, despr\u00e9s amb La Mata Negra (acompanyats d'una base r\u00edtmica de baix, guitarra el\u00e8ctrica i bateria); m\u00e9s tard sols de nou, per\u00f2 amb el Blai sumant el bombo i el xarles (com feien els vells acordionistes del Pirineu) i, finalment, amb Morena, el trio de tradipatxanga que formen amb Heura Gaya i La gravetat de Coulomb, trio estable que formen amb el flabiolaire Pau Ben\u00edtez.","breadcrumb":{"@id":"https:\/\/seedmusic.eu\/album\/casals-sabate-ics-ics\/#breadcrumb"},"inLanguage":"en-US","potentialAction":[{"@type":"ReadAction","target":["https:\/\/seedmusic.eu\/album\/casals-sabate-ics-ics\/"]}]},{"@type":"BreadcrumbList","@id":"https:\/\/seedmusic.eu\/album\/casals-sabate-ics-ics\/#breadcrumb","itemListElement":[{"@type":"ListItem","position":1,"name":"Home","item":"https:\/\/seedmusic.eu\/"},{"@type":"ListItem","position":2,"name":"CASALS SABAT\u00c9: ICS ICS"}]}]}},"_links":{"self":[{"href":"https:\/\/seedmusic.eu\/en\/wp-json\/wp\/v2\/album\/965"}],"collection":[{"href":"https:\/\/seedmusic.eu\/en\/wp-json\/wp\/v2\/album"}],"about":[{"href":"https:\/\/seedmusic.eu\/en\/wp-json\/wp\/v2\/types\/album"}],"wp:attachment":[{"href":"https:\/\/seedmusic.eu\/en\/wp-json\/wp\/v2\/media?parent=965"}],"wp:term":[{"taxonomy":"category","embeddable":true,"href":"https:\/\/seedmusic.eu\/en\/wp-json\/wp\/v2\/categories?post=965"}],"curies":[{"name":"wp","href":"https:\/\/api.w.org\/{rel}","templated":true}]}}

CASALS SABATÉ: ICS ICS

<!-- This site is optimized with the Yoast SEO plugin v18.6 - https://yoast.com/wordpress/plugins/seo/ -->
<title>CASALS SABATÉ: ICS ICS - SEED</title>
<meta name="description" content="Fa vint anys que en Blai Casals i en Manu Sabaté van coincidir a les Colònies per a Joves Intèrprets Folk del Pirineu, a Arsèguel, i el darrer dia es van preguntar: &quot;Vols fer un grup amb mi?&quot;. Vint anys després, tots dos músics han decidit aprofitar aquesta efemèride per fer una mica de retrospectiva del recorregut viscut fins ara. Primer sols, després amb La Mata Negra (acompanyats d&#039;una base rítmica de baix, guitarra elèctrica i bateria); més tard sols de nou, però amb el Blai sumant el bombo i el xarles (com feien els vells acordionistes del Pirineu) i, finalment, amb Morena, el trio de tradipatxanga que formen amb Heura Gaya i La gravetat de Coulomb, trio estable que formen amb el flabiolaire Pau Benítez." />
<meta name="robots" content="index, follow, max-snippet:-1, max-image-preview:large, max-video-preview:-1" />
<link rel="canonical" href="https://seedmusic.eu/en/album/casals-sabate-ics-ics/" />
<meta property="og:locale" content="en_US" />
<meta property="og:type" content="article" />
<meta property="og:title" content="CASALS SABATÉ: ICS ICS - SEED" />
<meta property="og:description" content="Fa vint anys que en Blai Casals i en Manu Sabaté van coincidir a les Colònies per a Joves Intèrprets Folk del Pirineu, a Arsèguel, i el darrer dia es van preguntar: &quot;Vols fer un grup amb mi?&quot;. Vint anys després, tots dos músics han decidit aprofitar aquesta efemèride per fer una mica de retrospectiva del recorregut viscut fins ara. Primer sols, després amb La Mata Negra (acompanyats d&#039;una base rítmica de baix, guitarra elèctrica i bateria); més tard sols de nou, però amb el Blai sumant el bombo i el xarles (com feien els vells acordionistes del Pirineu) i, finalment, amb Morena, el trio de tradipatxanga que formen amb Heura Gaya i La gravetat de Coulomb, trio estable que formen amb el flabiolaire Pau Benítez." />
<meta property="og:url" content="https://seedmusic.eu/en/album/casals-sabate-ics-ics/" />
<meta property="og:site_name" content="SEED" />
<meta property="article:modified_time" content="2022-10-04T07:56:52+00:00" />
<meta name="twitter:card" content="summary_large_image" />
<meta name="twitter:site" content="@Seedmusic_eu" />
<meta name="twitter:label1" content="Est. reading time" />
	<meta name="twitter:data1" content="1 minute" />
<script type="application/ld+json" class="yoast-schema-graph">{"@context":"https://schema.org","@graph":[{"@type":"WebSite","@id":"https://seedmusic.eu/#website","url":"https://seedmusic.eu/","name":"SEED","description":"Raising Music","potentialAction":[{"@type":"SearchAction","target":{"@type":"EntryPoint","urlTemplate":"https://seedmusic.eu/?s={search_term_string}"},"query-input":"required name=search_term_string"}],"inLanguage":"en-US"},{"@type":"WebPage","@id":"https://seedmusic.eu/album/casals-sabate-ics-ics/#webpage","url":"https://seedmusic.eu/album/casals-sabate-ics-ics/","name":"CASALS SABATÉ: ICS ICS - SEED","isPartOf":{"@id":"https://seedmusic.eu/#website"},"datePublished":"2022-09-23T16:25:26+00:00","dateModified":"2022-10-04T07:56:52+00:00","description":"Fa vint anys que en Blai Casals i en Manu Sabaté van coincidir a les Colònies per a Joves Intèrprets Folk del Pirineu, a Arsèguel, i el darrer dia es van preguntar: \"Vols fer un grup amb mi?\". Vint anys després, tots dos músics han decidit aprofitar aquesta efemèride per fer una mica de retrospectiva del recorregut viscut fins ara. Primer sols, després amb La Mata Negra (acompanyats d'una base rítmica de baix, guitarra elèctrica i bateria); més tard sols de nou, però amb el Blai sumant el bombo i el xarles (com feien els vells acordionistes del Pirineu) i, finalment, amb Morena, el trio de tradipatxanga que formen amb Heura Gaya i La gravetat de Coulomb, trio estable que formen amb el flabiolaire Pau Benítez.","breadcrumb":{"@id":"https://seedmusic.eu/album/casals-sabate-ics-ics/#breadcrumb"},"inLanguage":"en-US","potentialAction":[{"@type":"ReadAction","target":["https://seedmusic.eu/album/casals-sabate-ics-ics/"]}]},{"@type":"BreadcrumbList","@id":"https://seedmusic.eu/album/casals-sabate-ics-ics/#breadcrumb","itemListElement":[{"@type":"ListItem","position":1,"name":"Home","item":"https://seedmusic.eu/"},{"@type":"ListItem","position":2,"name":"CASALS SABATÉ: ICS ICS"}]}]}</script>
<!-- / Yoast SEO plugin. -->

CASALS SABATÉ: ICS ICS - SEED

Fa vint anys que en Blai Casals i en Manu Sabaté van coincidir a les Colònies per a Joves Intèrprets Folk del Pirineu, a Arsèguel, i el darrer dia es van preguntar: "Vols fer un grup amb mi?". Vint anys després, tots dos músics han decidit aprofitar aquesta efemèride per fer una mica de retrospectiva del recorregut viscut fins ara. Primer sols, després amb La Mata Negra (acompanyats d'una base rítmica de baix, guitarra elèctrica i bateria); més tard sols de nou, però amb el Blai sumant el bombo i el xarles (com feien els vells acordionistes del Pirineu) i, finalment, amb Morena, el trio de tradipatxanga que formen amb Heura Gaya i La gravetat de Coulomb, trio estable que formen amb el flabiolaire Pau Benítez.
