{"id":73,"date":"2020-11-16T09:57:00","date_gmt":"2020-11-16T08:57:00","guid":{"rendered":"http:\/\/https:\/\/seedmusic.eu\/\/?post_type=project&#038;p=73"},"modified":"2021-05-25T13:57:51","modified_gmt":"2021-05-25T12:57:51","slug":"seed-enregistra-la-musica-vocal-darrel-popular-de-robert-gerhard","status":"publish","type":"project","link":"https:\/\/seedmusic.eu\/en\/project\/seed-enregistra-la-musica-vocal-darrel-popular-de-robert-gerhard\/","title":{"rendered":"SEED ENREGISTRA M\u00daSICA VOCAL D\u2019ARREL POPULAR DE ROBERT GERHARD"},"content":{"rendered":"\n<p>Considerat com un dels compositors catalans m\u00e9s rellevants del segle XX,&nbsp;<strong>Robert Gerhard i Ottenwaelder<\/strong>&nbsp;(Valls, 1896 \u2013 Cambridge, 1970) centra el nou projecte discogr\u00e0fic de Seed (volum 13 de la col\u00b7lecci\u00f3&nbsp;<em>Premium,&nbsp;<\/em>en format de llibre \u2013 disc) produ\u00eft amb motiu del cinquant\u00e8 aniversari de la mort del m\u00fasic i compositor que s\u2019escau aquest 2020 i del 125 aniversari del seu naixement, el 2021.<\/p>\n\n\n\n<p>La proposta, en la qual s\u2019est\u00e0 treballant des de fa mesos a recer de la commemoraci\u00f3 oficial decretada per la Generalitat de Catalunya \u2013 Any Gerhard, se centra en enregistrar l\u2019obra vocal d\u2019arrel popular del compositor vallenc i per a fer-ho, Seed comptar\u00e0 amb una tr\u00edada de luxe:&nbsp;<strong>les sopranos N\u00faria Rial i Maria Hinojosa i la mezzosoprano Anna Al\u00e0s i Jov\u00e9.<\/strong><\/p>\n\n\n\n<p>La producci\u00f3 inclour\u00e0 l\u2019enregistrament de les obres seg\u00fcents:&nbsp;<strong>ROBERT GERHARD, obra vocal d\u2019arrel popular<\/strong>&nbsp;(SEED013, 2020)<\/p>\n\n\n\n<p><em><strong>Can\u00e7ons populars catalanes:<\/strong><\/em>&nbsp;aquest cicle consta de catorze can\u00e7ons per a soprano o mezzosoprano i piano. Dedicades a Concepci\u00f3 Badia d\u2019Agust\u00ed, va ser compost entre l\u2019any 1928 i 1929. Estrena de vuit can\u00e7ons el 1929 al Palau de la M\u00fasica Catalana.<\/p>\n\n\n\n<p>ANNA AL\u00c0S I JOV\u00c9 &amp; ANNA CREXELLS, piano.<br>Can\u00e7\u00f3 del lladre \u00b7 La cinta daurada \u00b7 L\u2019escolta \u00b7 La tornada del pelegr\u00ed \u00b7 La cita \u00b7 El carboneret \u00b7 La comtessa de Floris \u00b7 Can\u00e7\u00f3 de batre<\/p>\n\n\n\n<p>N\u00daRIA RIAL amb OBC, Orquestra Simf\u00f2nica de Barcelona i Nacional de Catalunya. Direcci\u00f3 de FRANCESC PRAT. Orquestrades el 1931. Estrenades a Viena, al festival de la ISCM de 1932 sota la direcci\u00f3 d\u2019Anton Webern.<br>La cal\u00e0ndria \u00b7 La mort i la donzella \u00b7 El petit vailet \u00b7 El Cotil\u00f3 \u00b7 Enemic de les dones \u00b7 Els ballaires dins un sac<\/p>\n\n\n\n<p>N\u00daRIA RIAL tamb\u00e9 gravar\u00e0 la versi\u00f3 orquestral del&nbsp;<em><strong>Cancionero de Pedrell<\/strong><\/em>&nbsp;de 1941, novament amb direcci\u00f3 de FRANCESC PRAT.<\/p>\n\n\n\n<p><em><strong>Sis chansons populaires fran\u00e7aises<\/strong><\/em>&nbsp;\u2013 MARIA HINOJOSA, soprano amb FRANCISCO POYATO, piano.<br>Voici le mois de Mai \u00b7 Les cloches de Gu\u00e9rande \u00b7 Un rossignol vint sur ma main \u00b7 La plus jeunette \u00b7 La valse de Lauterbach \u00b7 Me suis mise en danse<\/p>\n\n\n\n<p><em><strong>7 Haiku<\/strong>&nbsp;<\/em>per a soprano, flauta, obo\u00e8, clarinet, fagot i piano (1922), amb MARIA HINOJOSA i SEED ENSEMBLE. Dirigeix FRANCESC PRAT.<\/p>\n\n\n\n<p>L\u2019\u00e0lbum compta amb producci\u00f3 musical de&nbsp;<strong>Santi Bargu\u00f1\u00f3<\/strong>&nbsp;i s\u2019enregistrar\u00e0 a finals d\u2019aquest 2020 a Vilanova i la Geltr\u00fa (Auditori Eduard Toldr\u00e0), a L\u2019Auditori de Barcelona i a l\u2019Espai Ter de Torroella de Montgr\u00ed. Les notes del llibret les signa el music\u00f2leg&nbsp;<strong>Julian White.&nbsp;<\/strong>La presentaci\u00f3 de l\u2019\u00e0lbum est\u00e0 prevista durant la primavera de 2021.&nbsp;<\/p>\n","protected":false},"featured_media":46,"template":"","acf":[],"yoast_head":"<!-- This site is optimized with the Yoast SEO plugin v18.6 - https:\/\/yoast.com\/wordpress\/plugins\/seo\/ -->\n<title>SEED ENREGISTRA M\u00daSICA VOCAL D\u2019ARREL POPULAR DE ROBERT GERHARD - SEED<\/title>\n<meta name=\"robots\" content=\"index, follow, max-snippet:-1, max-image-preview:large, max-video-preview:-1\" \/>\n<link rel=\"canonical\" href=\"https:\/\/seedmusic.eu\/en\/project\/seed-enregistra-la-musica-vocal-darrel-popular-de-robert-gerhard\/\" \/>\n<meta property=\"og:locale\" content=\"en_US\" \/>\n<meta property=\"og:type\" content=\"article\" \/>\n<meta property=\"og:title\" content=\"SEED ENREGISTRA M\u00daSICA VOCAL D\u2019ARREL POPULAR DE ROBERT GERHARD - SEED\" \/>\n<meta property=\"og:description\" content=\"Considerat com un dels compositors catalans m\u00e9s rellevants del segle XX,&nbsp;Robert Gerhard i Ottenwaelder&nbsp;(Valls, 1896 \u2013 Cambridge, 1970) centra el nou projecte discogr\u00e0fic de Seed (volum 13 de la col\u00b7lecci\u00f3&nbsp;Premium,&nbsp;en format de llibre \u2013 disc) produ\u00eft amb motiu del cinquant\u00e8 aniversari de la mort del m\u00fasic i compositor que s\u2019escau aquest 2020 i del 125 [&hellip;]\" \/>\n<meta property=\"og:url\" content=\"https:\/\/seedmusic.eu\/en\/project\/seed-enregistra-la-musica-vocal-darrel-popular-de-robert-gerhard\/\" \/>\n<meta property=\"og:site_name\" content=\"SEED\" \/>\n<meta property=\"article:modified_time\" content=\"2021-05-25T12:57:51+00:00\" \/>\n<meta property=\"og:image\" content=\"https:\/\/seedmusic.eu\/wp-content\/uploads\/2021\/02\/logo-robert-gerhard-h-1-scaled-e1612453114934-5.jpg\" \/>\n\t<meta property=\"og:image:width\" content=\"957\" \/>\n\t<meta property=\"og:image:height\" content=\"957\" \/>\n\t<meta property=\"og:image:type\" content=\"image\/jpeg\" \/>\n<meta name=\"twitter:card\" content=\"summary_large_image\" \/>\n<meta name=\"twitter:site\" content=\"@Seedmusic_eu\" \/>\n<meta name=\"twitter:label1\" content=\"Est. reading time\" \/>\n\t<meta name=\"twitter:data1\" content=\"2 minutes\" \/>\n<script type=\"application\/ld+json\" class=\"yoast-schema-graph\">{\"@context\":\"https:\/\/schema.org\",\"@graph\":[{\"@type\":\"WebSite\",\"@id\":\"https:\/\/seedmusic.eu\/#website\",\"url\":\"https:\/\/seedmusic.eu\/\",\"name\":\"SEED\",\"description\":\"Raising Music\",\"potentialAction\":[{\"@type\":\"SearchAction\",\"target\":{\"@type\":\"EntryPoint\",\"urlTemplate\":\"https:\/\/seedmusic.eu\/?s={search_term_string}\"},\"query-input\":\"required name=search_term_string\"}],\"inLanguage\":\"en-US\"},{\"@type\":\"ImageObject\",\"@id\":\"https:\/\/seedmusic.eu\/project\/seed-enregistra-la-musica-vocal-darrel-popular-de-robert-gerhard\/#primaryimage\",\"inLanguage\":\"en-US\",\"url\":\"https:\/\/seedmusic.eu\/wp-content\/uploads\/2021\/02\/logo-robert-gerhard-h-1-scaled-e1612453114934-5.jpg\",\"contentUrl\":\"https:\/\/seedmusic.eu\/wp-content\/uploads\/2021\/02\/logo-robert-gerhard-h-1-scaled-e1612453114934-5.jpg\",\"width\":957,\"height\":957},{\"@type\":\"WebPage\",\"@id\":\"https:\/\/seedmusic.eu\/project\/seed-enregistra-la-musica-vocal-darrel-popular-de-robert-gerhard\/#webpage\",\"url\":\"https:\/\/seedmusic.eu\/project\/seed-enregistra-la-musica-vocal-darrel-popular-de-robert-gerhard\/\",\"name\":\"SEED ENREGISTRA M\u00daSICA VOCAL D\u2019ARREL POPULAR DE ROBERT GERHARD - SEED\",\"isPartOf\":{\"@id\":\"https:\/\/seedmusic.eu\/#website\"},\"primaryImageOfPage\":{\"@id\":\"https:\/\/seedmusic.eu\/project\/seed-enregistra-la-musica-vocal-darrel-popular-de-robert-gerhard\/#primaryimage\"},\"datePublished\":\"2020-11-16T08:57:00+00:00\",\"dateModified\":\"2021-05-25T12:57:51+00:00\",\"breadcrumb\":{\"@id\":\"https:\/\/seedmusic.eu\/project\/seed-enregistra-la-musica-vocal-darrel-popular-de-robert-gerhard\/#breadcrumb\"},\"inLanguage\":\"en-US\",\"potentialAction\":[{\"@type\":\"ReadAction\",\"target\":[\"https:\/\/seedmusic.eu\/project\/seed-enregistra-la-musica-vocal-darrel-popular-de-robert-gerhard\/\"]}]},{\"@type\":\"BreadcrumbList\",\"@id\":\"https:\/\/seedmusic.eu\/project\/seed-enregistra-la-musica-vocal-darrel-popular-de-robert-gerhard\/#breadcrumb\",\"itemListElement\":[{\"@type\":\"ListItem\",\"position\":1,\"name\":\"Home\",\"item\":\"https:\/\/seedmusic.eu\/\"},{\"@type\":\"ListItem\",\"position\":2,\"name\":\"SEED ENREGISTRA M\u00daSICA VOCAL D\u2019ARREL POPULAR DE ROBERT GERHARD\"}]}]}<\/script>\n<!-- \/ Yoast SEO plugin. -->","yoast_head_json":{"title":"SEED ENREGISTRA M\u00daSICA VOCAL D\u2019ARREL POPULAR DE ROBERT GERHARD - SEED","robots":{"index":"index","follow":"follow","max-snippet":"max-snippet:-1","max-image-preview":"max-image-preview:large","max-video-preview":"max-video-preview:-1"},"canonical":"https:\/\/seedmusic.eu\/en\/project\/seed-enregistra-la-musica-vocal-darrel-popular-de-robert-gerhard\/","og_locale":"en_US","og_type":"article","og_title":"SEED ENREGISTRA M\u00daSICA VOCAL D\u2019ARREL POPULAR DE ROBERT GERHARD - SEED","og_description":"Considerat com un dels compositors catalans m\u00e9s rellevants del segle XX,&nbsp;Robert Gerhard i Ottenwaelder&nbsp;(Valls, 1896 \u2013 Cambridge, 1970) centra el nou projecte discogr\u00e0fic de Seed (volum 13 de la col\u00b7lecci\u00f3&nbsp;Premium,&nbsp;en format de llibre \u2013 disc) produ\u00eft amb motiu del cinquant\u00e8 aniversari de la mort del m\u00fasic i compositor que s\u2019escau aquest 2020 i del 125 [&hellip;]","og_url":"https:\/\/seedmusic.eu\/en\/project\/seed-enregistra-la-musica-vocal-darrel-popular-de-robert-gerhard\/","og_site_name":"SEED","article_modified_time":"2021-05-25T12:57:51+00:00","og_image":[{"width":957,"height":957,"url":"https:\/\/seedmusic.eu\/wp-content\/uploads\/2021\/02\/logo-robert-gerhard-h-1-scaled-e1612453114934-5.jpg","type":"image\/jpeg"}],"twitter_card":"summary_large_image","twitter_site":"@Seedmusic_eu","twitter_misc":{"Est. reading time":"2 minutes"},"schema":{"@context":"https:\/\/schema.org","@graph":[{"@type":"WebSite","@id":"https:\/\/seedmusic.eu\/#website","url":"https:\/\/seedmusic.eu\/","name":"SEED","description":"Raising Music","potentialAction":[{"@type":"SearchAction","target":{"@type":"EntryPoint","urlTemplate":"https:\/\/seedmusic.eu\/?s={search_term_string}"},"query-input":"required name=search_term_string"}],"inLanguage":"en-US"},{"@type":"ImageObject","@id":"https:\/\/seedmusic.eu\/project\/seed-enregistra-la-musica-vocal-darrel-popular-de-robert-gerhard\/#primaryimage","inLanguage":"en-US","url":"https:\/\/seedmusic.eu\/wp-content\/uploads\/2021\/02\/logo-robert-gerhard-h-1-scaled-e1612453114934-5.jpg","contentUrl":"https:\/\/seedmusic.eu\/wp-content\/uploads\/2021\/02\/logo-robert-gerhard-h-1-scaled-e1612453114934-5.jpg","width":957,"height":957},{"@type":"WebPage","@id":"https:\/\/seedmusic.eu\/project\/seed-enregistra-la-musica-vocal-darrel-popular-de-robert-gerhard\/#webpage","url":"https:\/\/seedmusic.eu\/project\/seed-enregistra-la-musica-vocal-darrel-popular-de-robert-gerhard\/","name":"SEED ENREGISTRA M\u00daSICA VOCAL D\u2019ARREL POPULAR DE ROBERT GERHARD - SEED","isPartOf":{"@id":"https:\/\/seedmusic.eu\/#website"},"primaryImageOfPage":{"@id":"https:\/\/seedmusic.eu\/project\/seed-enregistra-la-musica-vocal-darrel-popular-de-robert-gerhard\/#primaryimage"},"datePublished":"2020-11-16T08:57:00+00:00","dateModified":"2021-05-25T12:57:51+00:00","breadcrumb":{"@id":"https:\/\/seedmusic.eu\/project\/seed-enregistra-la-musica-vocal-darrel-popular-de-robert-gerhard\/#breadcrumb"},"inLanguage":"en-US","potentialAction":[{"@type":"ReadAction","target":["https:\/\/seedmusic.eu\/project\/seed-enregistra-la-musica-vocal-darrel-popular-de-robert-gerhard\/"]}]},{"@type":"BreadcrumbList","@id":"https:\/\/seedmusic.eu\/project\/seed-enregistra-la-musica-vocal-darrel-popular-de-robert-gerhard\/#breadcrumb","itemListElement":[{"@type":"ListItem","position":1,"name":"Home","item":"https:\/\/seedmusic.eu\/"},{"@type":"ListItem","position":2,"name":"SEED ENREGISTRA M\u00daSICA VOCAL D\u2019ARREL POPULAR DE ROBERT GERHARD"}]}]}},"_links":{"self":[{"href":"https:\/\/seedmusic.eu\/en\/wp-json\/wp\/v2\/project\/73"}],"collection":[{"href":"https:\/\/seedmusic.eu\/en\/wp-json\/wp\/v2\/project"}],"about":[{"href":"https:\/\/seedmusic.eu\/en\/wp-json\/wp\/v2\/types\/project"}],"wp:featuredmedia":[{"embeddable":true,"href":"https:\/\/seedmusic.eu\/en\/wp-json\/wp\/v2\/media\/46"}],"wp:attachment":[{"href":"https:\/\/seedmusic.eu\/en\/wp-json\/wp\/v2\/media?parent=73"}],"curies":[{"name":"wp","href":"https:\/\/api.w.org\/{rel}","templated":true}]}}

SEED ENREGISTRA MÚSICA VOCAL D’ARREL POPULAR DE ROBERT GERHARD

<p>Considerat com un dels compositors catalans més rellevants del segle XX,&nbsp;<strong>Robert Gerhard i Ottenwaelder</strong>&nbsp;(Valls, 1896 – Cambridge, 1970) centra el nou projecte discogràfic de Seed (volum 13 de la col·lecció&nbsp;<em>Premium,&nbsp;</em>en format de llibre – disc) produït amb motiu del cinquantè aniversari de la mort del músic i compositor que s’escau aquest 2020 i del 125 aniversari del seu naixement, el 2021.</p>



<p>La proposta, en la qual s’està treballant des de fa mesos a recer de la commemoració oficial decretada per la Generalitat de Catalunya – Any Gerhard, se centra en enregistrar l’obra vocal d’arrel popular del compositor vallenc i per a fer-ho, Seed comptarà amb una tríada de luxe:&nbsp;<strong>les sopranos Núria Rial i Maria Hinojosa i la mezzosoprano Anna Alàs i Jové.</strong></p>



<p>La producció inclourà l’enregistrament de les obres següents:&nbsp;<strong>ROBERT GERHARD, obra vocal d’arrel popular</strong>&nbsp;(SEED013, 2020)</p>



<p><em><strong>Cançons populars catalanes:</strong></em>&nbsp;aquest cicle consta de catorze cançons per a soprano o mezzosoprano i piano. Dedicades a Concepció Badia d’Agustí, va ser compost entre l’any 1928 i 1929. Estrena de vuit cançons el 1929 al Palau de la Música Catalana.</p>



<p>ANNA ALÀS I JOVÉ &amp; ANNA CREXELLS, piano.<br>Cançó del lladre · La cinta daurada · L’escolta · La tornada del pelegrí · La cita · El carboneret · La comtessa de Floris · Cançó de batre</p>



<p>NÚRIA RIAL amb OBC, Orquestra Simfònica de Barcelona i Nacional de Catalunya. Direcció de FRANCESC PRAT. Orquestrades el 1931. Estrenades a Viena, al festival de la ISCM de 1932 sota la direcció d’Anton Webern.<br>La calàndria · La mort i la donzella · El petit vailet · El Cotiló · Enemic de les dones · Els ballaires dins un sac</p>



<p>NÚRIA RIAL també gravarà la versió orquestral del&nbsp;<em><strong>Cancionero de Pedrell</strong></em>&nbsp;de 1941, novament amb direcció de FRANCESC PRAT.</p>



<p><em><strong>Sis chansons populaires françaises</strong></em>&nbsp;– MARIA HINOJOSA, soprano amb FRANCISCO POYATO, piano.<br>Voici le mois de Mai · Les cloches de Guérande · Un rossignol vint sur ma main · La plus jeunette · La valse de Lauterbach · Me suis mise en danse</p>



<p><em><strong>7 Haiku</strong>&nbsp;</em>per a soprano, flauta, oboè, clarinet, fagot i piano (1922), amb MARIA HINOJOSA i SEED ENSEMBLE. Dirigeix FRANCESC PRAT.</p>



<p>L’àlbum compta amb producció musical de&nbsp;<strong>Santi Barguñó</strong>&nbsp;i s’enregistrarà a finals d’aquest 2020 a Vilanova i la Geltrú (Auditori Eduard Toldrà), a L’Auditori de Barcelona i a l’Espai Ter de Torroella de Montgrí. Les notes del llibret les signa el musicòleg&nbsp;<strong>Julian White.&nbsp;</strong>La presentació de l’àlbum està prevista durant la primavera de 2021.&nbsp;</p>

<!-- This site is optimized with the Yoast SEO plugin v18.6 - https://yoast.com/wordpress/plugins/seo/ -->
<title>SEED ENREGISTRA MÚSICA VOCAL D’ARREL POPULAR DE ROBERT GERHARD - SEED</title>
<meta name="robots" content="index, follow, max-snippet:-1, max-image-preview:large, max-video-preview:-1" />
<link rel="canonical" href="https://seedmusic.eu/en/project/seed-enregistra-la-musica-vocal-darrel-popular-de-robert-gerhard/" />
<meta property="og:locale" content="en_US" />
<meta property="og:type" content="article" />
<meta property="og:title" content="SEED ENREGISTRA MÚSICA VOCAL D’ARREL POPULAR DE ROBERT GERHARD - SEED" />
<meta property="og:description" content="Considerat com un dels compositors catalans més rellevants del segle XX,&nbsp;Robert Gerhard i Ottenwaelder&nbsp;(Valls, 1896 – Cambridge, 1970) centra el nou projecte discogràfic de Seed (volum 13 de la col·lecció&nbsp;Premium,&nbsp;en format de llibre – disc) produït amb motiu del cinquantè aniversari de la mort del músic i compositor que s’escau aquest 2020 i del 125 [&hellip;]" />
<meta property="og:url" content="https://seedmusic.eu/en/project/seed-enregistra-la-musica-vocal-darrel-popular-de-robert-gerhard/" />
<meta property="og:site_name" content="SEED" />
<meta property="article:modified_time" content="2021-05-25T12:57:51+00:00" />
<meta property="og:image" content="https://seedmusic.eu/wp-content/uploads/2021/02/logo-robert-gerhard-h-1-scaled-e1612453114934-5.jpg" />
	<meta property="og:image:width" content="957" />
	<meta property="og:image:height" content="957" />
	<meta property="og:image:type" content="image/jpeg" />
<meta name="twitter:card" content="summary_large_image" />
<meta name="twitter:site" content="@Seedmusic_eu" />
<meta name="twitter:label1" content="Est. reading time" />
	<meta name="twitter:data1" content="2 minutes" />
<script type="application/ld+json" class="yoast-schema-graph">{"@context":"https://schema.org","@graph":[{"@type":"WebSite","@id":"https://seedmusic.eu/#website","url":"https://seedmusic.eu/","name":"SEED","description":"Raising Music","potentialAction":[{"@type":"SearchAction","target":{"@type":"EntryPoint","urlTemplate":"https://seedmusic.eu/?s={search_term_string}"},"query-input":"required name=search_term_string"}],"inLanguage":"en-US"},{"@type":"ImageObject","@id":"https://seedmusic.eu/project/seed-enregistra-la-musica-vocal-darrel-popular-de-robert-gerhard/#primaryimage","inLanguage":"en-US","url":"https://seedmusic.eu/wp-content/uploads/2021/02/logo-robert-gerhard-h-1-scaled-e1612453114934-5.jpg","contentUrl":"https://seedmusic.eu/wp-content/uploads/2021/02/logo-robert-gerhard-h-1-scaled-e1612453114934-5.jpg","width":957,"height":957},{"@type":"WebPage","@id":"https://seedmusic.eu/project/seed-enregistra-la-musica-vocal-darrel-popular-de-robert-gerhard/#webpage","url":"https://seedmusic.eu/project/seed-enregistra-la-musica-vocal-darrel-popular-de-robert-gerhard/","name":"SEED ENREGISTRA MÚSICA VOCAL D’ARREL POPULAR DE ROBERT GERHARD - SEED","isPartOf":{"@id":"https://seedmusic.eu/#website"},"primaryImageOfPage":{"@id":"https://seedmusic.eu/project/seed-enregistra-la-musica-vocal-darrel-popular-de-robert-gerhard/#primaryimage"},"datePublished":"2020-11-16T08:57:00+00:00","dateModified":"2021-05-25T12:57:51+00:00","breadcrumb":{"@id":"https://seedmusic.eu/project/seed-enregistra-la-musica-vocal-darrel-popular-de-robert-gerhard/#breadcrumb"},"inLanguage":"en-US","potentialAction":[{"@type":"ReadAction","target":["https://seedmusic.eu/project/seed-enregistra-la-musica-vocal-darrel-popular-de-robert-gerhard/"]}]},{"@type":"BreadcrumbList","@id":"https://seedmusic.eu/project/seed-enregistra-la-musica-vocal-darrel-popular-de-robert-gerhard/#breadcrumb","itemListElement":[{"@type":"ListItem","position":1,"name":"Home","item":"https://seedmusic.eu/"},{"@type":"ListItem","position":2,"name":"SEED ENREGISTRA MÚSICA VOCAL D’ARREL POPULAR DE ROBERT GERHARD"}]}]}</script>
<!-- / Yoast SEO plugin. -->

SEED ENREGISTRA MÚSICA VOCAL D’ARREL POPULAR DE ROBERT GERHARD - SEED

Considerat com un dels compositors catalans més rellevants del segle XX,&nbsp;Robert Gerhard i Ottenwaelder&nbsp;(Valls, 1896 – Cambridge, 1970) centra el nou projecte discogràfic de Seed (volum 13 de la col·lecció&nbsp;Premium,&nbsp;en format de llibre – disc) produït amb motiu del cinquantè aniversari de la mort del músic i compositor que s’escau aquest 2020 i del 125 [&hellip;]
